061451 a multiple of 117?
True
Is 14012472 a multiple of 6?
True
Is 38169434 a multiple of 357?
False
Is 351 a factor of 50682980?
False
Is 403221033 a multiple of 516?
False
Is 362 a factor of 3704769011?
False
Is 421402154 a multiple of 43?
False
Does 17 divide 61999255?
True
Is 12546223 a multiple of 26?
False
Does 1669 divide 311270389?
False
Does 9 divide 16622923?
False
Is 92081348 a multiple of 510?
False
Is 720255455 a multiple of 1329?
False
Is 5 a factor of 10899087?
False
Is 1899 a factor of 1453969350?
True
Is 3103013232 a multiple of 11?
True
Is 557753 a multiple of 7?
True
Is 1721 a factor of 829348179?
True
Does 479 divide 143764450?
False
Is 57 a factor of 56629614?
True
Is 234 a factor of 28058114?
False
Does 12 divide 228324024?
True
Does 23 divide 9947017?
True
Is 7026495 a multiple of 7?
True
Is 3039253884 a multiple of 18?
True
Does 1164 divide 36465511?
False
Is 5375564 a multiple of 3?
False
Is 10 a factor of 107875870?
True
Is 236 a factor of 18560220?
True
Is 161232929 a multiple of 937?
False
Is 41 a factor of 246874940?
True
Is 463 a factor of 170921080?
True
Does 435 divide 223891020?
True
Does 326 divide 41333273?
False
Is 34729901 a multiple of 1041?
False
Does 687 divide 207194951?
False
Is 215612265 a multiple of 705?
True
Is 62334170 a multiple of 383?
False
Is 1606 a factor of 61911300?
True
Is 18151113 a multiple of 212?
False
Does 2 divide 5110173?
False
Is 47 a factor of 1698175993?
False
Is 5872141114 a multiple of 574?
True
Is 5 a factor of 57016602?
False
Is 60535816 a multiple of 242?
True
Does 56 divide 10663576?
True
Is 109058221 a multiple of 845?
False
Is 38330028 a multiple of 774?
True
Does 255 divide 16839780?
False
Is 2683 a factor of 104709441?
True
Is 24400167 a multiple of 20?
False
Does 21 divide 3948357?
True
Is 1413 a factor of 1310287479?
False
Is 80 a factor of 658820960?
True
Is 2564 a factor of 68822888?
True
Is 8568240 a multiple of 5?
True
Is 21 a factor of 841491378?
True
Does 30 divide 229377781?
False
Does 16 divide 588114375?
False
Is 1890 a factor of 7973910?
True
Does 48 divide 19343417?
False
Is 130 a factor of 118643062?
False
Is 67889945 a multiple of 9?
False
Does 6 divide 619788?
True
Is 30 a factor of 371310?
True
Is 357485095 a multiple of 128?
False
Is 99128201 a multiple of 141?
False
Does 2295 divide 276180300?
True
Is 2336 a factor of 1286168487?
False
Does 127 divide 7129510419?
False
Is 21 a factor of 159330381?
True
Is 942 a factor of 384895548?
True
Is 593 a factor of 1136778335?
False
Is 1727405 a multiple of 173?
True
Does 2813 divide 2088889095?
False
Is 1178339615 a multiple of 5454?
False
Is 18306428 a multiple of 223?
False
Is 38 a factor of 303798837?
False
Is 14 a factor of 1761494?
True
Does 19 divide 61475919?
False
Is 752620062 a multiple of 49?
False
Is 932501624 a multiple of 349?
False
Is 9108756 a multiple of 36?
True
Is 90 a factor of 5095746?
False
Does 7324 divide 1193416504?
True
Does 6 divide 266600972?
False
Is 93 a factor of 19606074?
True
Is 127697263 a multiple of 557?
True
Is 118676581 a multiple of 120?
False
Does 121 divide 5837763?
False
Does 1526 divide 10837652?
True
Does 315 divide 643118181?
False
Does 45 divide 344439799?
False
Is 400497804 a multiple of 644?
True
Does 143 divide 400054518?
False
Does 99 divide 3435754?
False
Is 954163716 a multiple of 3847?
True
Is 110251497 a multiple of 241?
False
Is 15240686 a multiple of 84?
False
Does 1003 divide 391797592?
False
Is 4 a factor of 1016817670?
False
Is 526808555 a multiple of 7?
True
Does 13 divide 347188793?
False
Is 2 a factor of 3053534?
True
Is 163947889 a multiple of 43?
False
Is 24 a factor of 42738696?
True
Is 292058998 a multiple of 35?
False
Does 111 divide 63681997?
False
Does 15 divide 9729529?
False
Does 336 divide 88595633?
False
Does 14 divide 586025342?
True
Does 1502 divide 191138512?
True
Does 18 divide 89317854?
True
Does 182 divide 141045871?
False
Is 68215060 a multiple of 279?
False
Is 116 a factor of 501838180?
False
Is 121870254 a multiple of 167?
True
Is 16 a factor of 69548448?
True
Is 344 a factor of 51559064?
True
Does 7 divide 943069409?
False
Does 101 divide 52251845?
True
Is 20 a factor of 3135360?
True
Does 23 divide 311528468?
True
Is 2078973063 a multiple of 406?
False
Is 771 a factor of 468371357?
False
Is 8338158 a multiple of 14?
False
Does 1897 divide 108728246?
False
Is 31057616 a multiple of 1481?
False
Does 1084 divide 3760437192?
True
Is 1119 a factor of 39260115?
True
Is 24 a factor of 82015656?
True
Is 274461682 a multiple of 2631?
False
Is 1960044864 a multiple of 6764?
True
Is 9956754 a multiple of 7?
False
Does 49 divide 184015118?
False
Does 76 divide 109973596?
True
Is 6 a factor of 338732310?
True
Is 286730427 a multiple of 229?
False
Does 595 divide 8145247?
False
Does 17 divide 742234999?
False
Does 3602 divide 106820912?
True
Does 2 divide 2458127?
False
Is 70 a factor of 29271760?
True
Does 73 divide 8832255?
False
Is 10945138 a multiple of 129?
False
Is 8023241 a multiple of 43?
True
Does 160 divide 2196196?
False
Does 704 divide 499713396?
False
Is 1032 a factor of 456765264?
True
Is 11948553 a multiple of 243?
True
Does 1518 divide 21617185?
False
Is 66180933 a multiple of 247?
True
Is 4 a factor of 9319447?
False
Is 4108155 a multiple of 3?
True
Does 26 divide 149559634?
False
Is 115386300 a multiple of 1476?
True
Is 879 a factor of 3024881?
False
Does 1584 divide 15390144?
True
Is 11 a factor of 1672208193?
False
Is 33 a factor of 48127073?
False
Is 826158894 a multiple of 291?
True
Is 61 a factor of 48674767?
True
Does 10 divide 1560427530?
True
Does 67 divide 485124354?
True
Is 58 a factor of 33939512?
True
Is 1480249588 a multiple of 458?
True
Is 56815942 a multiple of 37?
True
Does 457 divide 153382453?
True
Is 7278592 a multiple of 1024?
True
Is 12124323 a multiple of 177?
True
Is 268 a factor of 14273680?
True
Is 26 a factor of 1603875?
False
Is 17 a factor of 10989327?
True
Is 507011500 a multiple of 815?
True
Does 25 divide 3536869117?
False
Is 108720615 a multiple of 37?
True
Does 12 divide 58383066?
False
Is 2518 a factor of 25693672?
True
Is 1681889298 a multiple of 9?
False
Does 2431 divide 990696300?
False
Does 453 divide 1530306933?
True
Is 109 a factor of 6381078?
True
Is 25884694 a multiple of 82?
True
Is 4 a factor of 5761576?
True
Does 16 divide 150142967?
False
Is 1393895224 a multiple of 2596?
False
Is 18 a factor of 62625381?
False
Does 38 divide 4617097052?
True
Does 85 divide 34284573?
False
Does 133 divide 6813840?
False
Is 26 a factor of 262989558?
True
Is 631 a factor of 71798335?
True
Is 173 a factor of 74136228?
False
Is 2900 a factor of 865675403?
False
Is 25882863 a multiple of 157?
True
Does 2619 divide 2905115274?
True
Is 543851594 a multiple of 3992?
False
Does 32 divide 19578784?
True
Does 24 divide 1095416160?
True
Does 5814 divide 607798931?
False
Is 19264252 a multiple of 3624?
False
Does 1488 divide 3940224?
True
Is 245062288 a multiple of 727?
False
Is 4693430 a multiple of 5?
True
Is 9 a factor of 59713141?
False
Does 3 divide 143226180?
True
Is 119219769 a multiple of 79?
True
Does 1560 divide 135843240?
True
Is 668 a factor of 25288476?
True
Is 202 a factor of 1160381526?
True
Is 238011800 a multiple of 20?
True
Is 12476607 a multiple of 687?
True
Is 50623365 a multiple of 13?
True
Is 129 a factor of 4751357283?
True
Does 73 divide 3125824960?
True
Does 3 divide 2383190?
False
Does 72 divide 2808298368?
True
Is 360456747 a multiple of 346?
False
Is 3952620 a multiple of 63?
True
Is 14 a factor of 1725304?
True
Is 256091544 a multiple of 633?
True
Is 25205802 a multiple of 824?
False
Is 351497802 a multiple of 318?
True
Does 413 divide 240277618?
True
Does 2957 divide 122758465?
False
Is 3 a factor of 12560052?
True
Is 20 a factor of 1430871580?
True
Is 416 a factor of 2255136?
True
Is 8 a factor of 40068496?
True
Is 18 a factor of 910348429?
False
Does 210 divide 1468435920?
True
Does 8 divide 33485136?
True
Does 23 divide 71293735?
False
Is 1618 a factor of 287003343?
False
Is 23137244 a multiple of 13?
True
Is 2100 a factor of 729012900?
True
Does 125 divide 8868000?
True
Is 272167566 a multiple of 990?
False
Is 8 a factor of 18699128?
True
Is 182733797 a multiple of 3?
F